ivative of -4*f**2 - 1. Let n be m(-2). What is the highest common factor of y and n?
8
Let d(k) = -192*k**2 + 94*k**2 + 97*k**2 + 10*k - 1. Let s be d(7). What is the highest common divisor of 5 and s?
5
Suppose 12*p - 11 = 37. What is the greatest common factor of p and 668?
4
Let l(h) = 29*h - 4 - 14 - h**2 - 10*h. Suppose 4*z = -c + 49, -z + c - 5 + 16 = 0. Let a be l(z). Calculate the highest common divisor of 6 and a.
6
Suppose -4*n - 4*r + 2256 = 0, 4*r = 2*n - 0*r - 1104. Calculate the highest common divisor of n and 240.
80
Suppose -4*h - m = 61, 5*h + 5*m + 65 = -0*h. Let r = h - -19. Suppose 3*u - 2*w = 7*u - 50, r*w = -3*u + 30. What is the greatest common divisor of u and 30?
15
Let t be 3/(-9) - (-40)/(-15). Let g = 7 - t. Calculate the highest common divisor of g and 50.
10
Suppose 4*k + t - 3164 = -340, -2*t = 8. What is the greatest common divisor of 303 and k?
101
Let d(v) = -3*v**3 + v**2 + v + 1. Let k be d(-1). Suppose -4*p - 3*h + 4*h + 27 = 0, 5 = h. Calculate the greatest common factor of k and p.
4
Suppose -119 = -x - w - 0, 0 = -2*x + w + 238. Suppose -4*k + a + 65 = 0, 4*k + a + 42 - 113 = 0. What is the greatest common divisor of x and k?
17
Suppose 21 = 2*m + 2*a - 19, 4*m + 2*a = 70. Suppose s + 3 - 24 = 0. Let g = s + -11. Calculate the greatest common factor of g and m.
5
Let p = 35 + -16. Let f = 67 - p. Let o = f - 29. Calculate the greatest common divisor of 152 and o.
19
Let i(o) = -o**3 - o**2 + o + 33. Let l be i(0). Let s = 34 - l. Calculate the greatest common divisor of s and 1.
1
Suppose 2*n - 3*p + 846 = 7*n, 2*p = 3*n - 500. What is the highest common factor of 42 and n?
42
Suppose -z - 3*s + 14 = -2*s, -4*s - 14 = -3*z. Suppose -d = -2 - z. Suppose 3*w = -w + 4, -4*a = -w - 71. Calculate the greatest common factor of a and d.
6
Suppose 3*i - l + 3*l = 11, -2*l + 6 = -2*i. Let r = 2 - i. Suppose 0 = 2*m - 2*g - 26, 0 = -5*m + 3*g + 25 + 32. What is the highest common factor of r and m?
1
Suppose -s - 2*b + 960 = s, 2*b = s - 489. Suppose u = -3*g + 357, -g - 3*g + u = -s. What is the greatest common factor of g and 15?
15
Let a(j) = 0 + 1 + 2*j - 1 + 4. Let g be a(-2). Let y(q) = -q + 55. Let m be y(g). Calculate the highest common factor of m and 22.
11
Let u = -90 - -87. Let c be 6 - (u + 4)/((-3)/(-12)). Calculate the greatest common factor of c and 14.
2
Let c(l) = l**3 - 65*l**2 + 3. Let y be c(65). What is the greatest common factor of 27 and y?
3
Let q be 35*(-1 - 60/(-25)). Calculate the highest common divisor of q and 1225.
49
Suppose -w + 58 = 2*k, -w = -k - 3*w + 23. Suppose 0 = -x - 38 + 286. What is the greatest common divisor of k and x?
31
Suppose 140 = 14*k - 0*k. What is the greatest common factor of k and 40?
10
Suppose -23*v + 29*v = 624. Calculate the greatest common factor of 364 and v.
52
Suppose 40 = 6*a - 5*a. What is the highest common divisor of 16 and a?
8
Let m(f) = f**3 - 8*f**2 - f - 28. Let c be m(9). Calculate the greatest common factor of 44 and c.
44
Suppose 0 = -3*o - 15, -5*c + 3*c + 5*o + 33 = 0. Let a = c + -3. Suppose -3*s - 16 = -m, -4*m = s + 2*s + 11. What is the highest common divisor of a and m?
1
Suppose 0 = -3*x - 4*t - 8, 23 - 8 = -3*t. Calculate the greatest common factor of 452 and x.
4
Let s = 1 - 2. Let l be (-1)/(3/4 + s). Suppose 0 = d + l*d - 30. What is the greatest common divisor of d and 18?
6
Let p(o) = 47*o + 51. Let m be p(-9). Let h(r) = 24*r**2 + r - 3. Let z be h(5). Let l = m + z. Calculate the highest common divisor of 23 and l.
23
Suppose 765 = 6*r - 45. Let d be 45/(-6)*(-10 + 8). Calculate the greatest common factor of r and d.
15
Let r be 53 + (((-48)/8)/2)/1. Calculate the highest common divisor of r and 1150.
50
Let o be (-455)/30 + 15 - (-350)/12. What is the greatest common factor of o and 87?
29
Let q(u) = -u**3 + 5*u**2 + 15*u - 22. Let b be q(6). Calculate the highest common divisor of 4 and b.
4
Let j be (2/4)/((-2 - 0)/(-76)). What is the greatest common divisor of 247 and j?
19
Let j = 1653 - 1542. What is the greatest common factor of 37 and j?
37
Let d(w) = w**3 - 2*w**2 - 2*w - 5. Let q be d(3). Let s be q/(-11) + (-4734)/(-99). Calculate the greatest common divisor of s and 16.
16
Suppose -4*n + 2*d = -5*n - 3, 3*n = -3*d + 3. Suppose 10*u = n*u + 10. What is the greatest common factor of 18 and u?
2
Suppose -9*k - 35 = -2*k. Let v(c) = 2*c + 13. Let m be v(k). Calculate the greatest common factor of 15 and m.
3
Suppose -4*h = 16, -3*h + 72 = c - 7*h. Let s = 69 - c. What is the greatest common factor of 13 and s?
13
Suppose 2*v + v - 1581 = 0. What is the highest common divisor of 17 and v?
17
Let c = 39 - 11. Let v(x) = -6 + 3 + 3 + c*x - 1. Let o be v(1). Calculate the highest common factor of 9 and o.
9
Suppose 21*o = -4*z + 20*o + 63, 2*z = 4*o + 54. What is the greatest common divisor of z and 221?
17
Let f(q) = -2 + 1 + 4*q**2 + 36*q**3 - 3*q**2. Let w = -67 + 68. Let m be f(w). Calculate the highest common factor of m and 4.
4
Suppose 28 = 2*v - 4*v. Let i = v + 16. Suppose 2*g - 16 = 6*g, -4*k - i*g = -24. What is the greatest common divisor of k and 64?
8
Suppose -5*y - 12 + 103 = m, 0 = -2*y - 3*m + 26. What is the highest common divisor of y and 437?
19
Suppose -8 + 0 = -4*n. Suppose n*b - d - 74 = -0*d, -150 = -4*b + 3*d. Let v be -4 + 1 + (29 - 2). What is the greatest common divisor of b and v?
12
Let b = 9 - -3. Let g(a) = -2*a**2 - 6*a + 4. Let o be g(-3). Suppose -3*i - 2*t = -11, 3*i + o*t - 16 = -i. Calculate the highest common factor of b and i.
3
Let x(p) = -14*p - 8. Let u be x(-1). Let n = 19 - 4. Calculate the highest common factor of u and n.
3
Let p = -69 + 85. What is the greatest common factor of p and 16?
16
Suppose -69 + 19 = -10*r. Suppose 2*o - 99 = -3*l, -r*l = -4*o + 48 + 139. Let s = 51 + -19. What is the greatest common factor of o and s?
16
Let i = -14 - -15. Suppose 0 = -4*h + 21 - i. Calculate the highest common divisor of 55 and h.
5
Suppose -12*n = -746 - 874. What is the greatest common factor of n and 3375?
135
Suppose 13*s - 127 + 36 = 0. Let p be 0 - 9*-4 - 1. Calculate the greatest common factor of s and p.
7
Let v be 0 - (0 + (9 - 4) + -6). Let x be 1*5*(-48)/(-40). What is the greatest common divisor of v and x?
1
Suppose -12*h = -8*h - 300. Suppose -5*z = -g + 5, 0 = g + z + z - 33. Calculate the highest common factor of h and g.
25
Suppose 133 = 4*i - 3*c, 2*i - i + c - 35 = 0. Let r be (-12495)/98*(-1 - (-3)/(-15)). Calculate the greatest common factor of i and r.
17
Let d = 34 + -30. Let o be (-5)/5 + (33 - 0). What is the highest common factor of d and o?
4
Suppose 2*q = -3*z + 6, -3*q + 8*q = 0. Suppose z*t = -2*t + 36. What is the highest common divisor of 63 and t?
9
Suppose -2*w = -m - 217, 0 = 5*w - 6*m + 2*m - 544. Calculate the greatest common factor of 36 and w.
36
Let m(x) = -3*x**2 + 12*x + 6. Let q be m(4). Let v = -21 + 23. Calculate the greatest common divisor of q and v.
2
Let d(x) = x**2 + 5*x - 5. Let m be d(-9). Let g = m - 14. What is the highest common divisor of 136 and g?
17
Suppose 9*p + 2*p - 1430 = 0. What is the greatest common divisor of p and 195?
65
Let i be (-4)/4 - -62 - -4. Suppose -5*h + 3*u + 267 = -i, 4 = -u. Let x be (-1*4)/(3/(-6)). What is the highest common divisor of h and x?
8
Let y = 268 + -266. What is the greatest common factor of 2 and y?
2
Suppose 1 - 27 = -g. Let a = 4 + g. What is the highest common divisor of a and 45?
15
Suppose 846*b = 850*b - 2664. Calculate the greatest common factor of b and 18.
18
Let q(b) = -b**2 - 3*b + 8. Let x be q(-5). Let a be (40/(-9))/(x/(-3))*-6. Calculate the greatest common divisor of 16 and a.
8
Suppose -2*b = a + 30 - 404, -b + 379 = a. Calculate the highest common factor of 240 and a.
48
Let f be (5/(-10) - -2)/((-2)/(-4)). Suppose 3*r - 2*r - f*l = 25, 3*l - 89 = -5*r. Suppose 76 = -2*m + 4*m. What is the highest common divisor of m and r?
19
Suppose p = 2*c + 15, p = 3*c + 6 + 11. Suppose -5*g - 1 = -p. Suppose 0 = g*d - d - 40. What is the highest common divisor of 16 and d?
8
Suppose 0 = -3*w + 5*w + 12. Let i = 9 + w. Suppose -16 = i*v - 4*v. Calculate the greatest common factor of v and 40.
8
Let k = 39 + 18. Suppose 56*r - 1873 = -2*r + 331. What is the highest common di